der when 1752714 is divided by 876352?
10
What is the remainder when 57887 is divided by 144?
143
What is the remainder when 466987 is divided by 461?
455
What is the remainder when 242169 is divided by 1295?
4
What is the remainder when 2911443 is divided by 565?
563
Calculate the remainder when 11569 is divided by 551.
549
What is the remainder when 8148 is divided by 9?
3
What is the remainder when 31517 is divided by 31457?
60
Calculate the remainder when 48820 is divided by 94.
34
What is the remainder when 21962 is divided by 314?
296
What is the remainder when 3314866 is divided by 63?
58
What is the remainder when 6506 is divided by 6503?
3
Calculate the remainder when 18225 is divided by 1301.
11
Calculate the remainder when 2500 is divided by 176.
36
Calculate the remainder when 274534 is divided by 164.
162
Calculate the remainder when 22345 is divided by 722.
685
What is the remainder when 10769 is divided by 220?
209
What is the remainder when 4767 is divided by 2380?
7
What is the remainder when 25723 is divided by 12836?
51
What is the remainder when 376833 is divided by 186?
183
Calculate the remainder when 12414 is divided by 1601.
1207
Calculate the remainder when 1689 is divided by 13.
12
Calculate the remainder when 7494 is divided by 7279.
215
What is the remainder when 1155361 is divided by 16?
1
Calculate the remainder when 1470 is divided by 112.
14
What is the remainder when 178327 is divided by 124?
15
Calculate the remainder when 23327 is divided by 10.
7
Calculate the remainder when 1072 is divided by 1069.
3
What is the remainder when 124494 is divided by 279?
60
What is the remainder when 5792 is divided by 466?
200
Calculate the remainder when 1856 is divided by 371.
1
Calculate the remainder when 332 is divided by 165.
2
What is the remainder when 4327 is divided by 189?
169
What is the remainder when 97765 is divided by 97764?
1
What is the remainder when 16089 is divided by 41?
17
Calculate the remainder when 127959 is divided by 231.
216
Calculate the remainder when 38469 is divided by 469.
11
Calculate the remainder when 22858 is divided by 167.
146
Calculate the remainder when 11576 is divided by 614.
524
What is the remainder when 5479 is divided by 1563?
790
What is the remainder when 15817 is divided by 5234?
115
What is the remainder when 138602 is divided by 27720?
2
Calculate the remainder when 27604 is divided by 438.
10
Calculate the remainder when 836 is divided by 81.
26
Calculate the remainder when 98201 is divided by 32711.
68
What is the remainder when 17380 is divided by 8685?
10
What is the remainder when 6618 is divided by 1346?
1234
Calculate the remainder when 17939 is divided by 5973.
20
Calculate the remainder when 44734 is divided by 668.
646
Calculate the remainder when 13503 is divided by 899.
18
What is the remainder when 119693 is divided by 95?
88
Calculate the remainder when 42465 is divided by 1698.
15
Calculate the remainder when 17774 is divided by 4441.
10
Calculate the remainder when 3351165 is divided by 13.
12
Calculate the remainder when 16460 is divided by 36.
8
What is the remainder when 2741 is divided by 775?
416
What is the remainder when 29443 is divided by 12?
7
What is the remainder when 56690 is divided by 15?
5
What is the remainder when 31338 is divided by 166?
130
Calculate the remainder when 2207 is divided by 39.
23
What is the remainder when 7902 is divided by 7880?
22
Calculate the remainder when 281104 is divided by 46.
44
Calculate the remainder when 2968 is divided by 798.
574
What is the remainder when 1126208 is divided by 1547?
1539
Calculate the remainder when 12447 is divided by 362.
139
What is the remainder when 3659 is divided by 467?
390
What is the remainder when 36571 is divided by 78?
67
What is the remainder when 73908 is divided by 95?
93
Calculate the remainder when 683 is divided by 647.
36
What is the remainder when 1378 is divided by 453?
19
Calculate the remainder when 9966 is divided by 146.
38
What is the remainder when 89971 is divided by 1799?
21
What is the remainder when 111501 is divided by 111496?
5
What is the remainder when 8513 is divided by 194?
171
Calculate the remainder when 20979 is divided by 20906.
73
Calculate the remainder when 34834 is divided by 57.
7
What is the remainder when 2436 is divided by 1213?
10
What is the remainder when 1996 is divided by 490?
36
What is the remainder when 11897 is divided by 701?
681
What is the remainder when 41340 is divided by 10327?
32
Calculate the remainder when 330511 is divided by 393.
391
Calculate the remainder when 11755 is divided by 80.
75
What is the remainder when 75398 is divided by 37629?
140
What is the remainder when 78997 is divided by 158?
155
What is the remainder when 1473 is divided by 430?
183
What is the remainder when 452395 is divided by 107?
106
What is the remainder when 205387 is divided by 158?
145
What is the remainder when 495 is divided by 465?
30
What is the remainder when 14393 is divided by 514?
1
Calculate the remainder when 7139 is divided by 255.
254
Calculate the remainder when 8925 is divided by 94.
89
Calculate the remainder when 13949 is divided by 6956.
37
What is the remainder when 4680 is divided by 1457?
309
Calculate the remainder when 161598 is divided by 2342.
0
Calculate the remainder when 42531 is divided by 43.
4
Calculate the remainder when 1549279 is divided by 115.
114
What is the remainder when 1542937 is divided by 10?
7
What is the remainder when 5290 is divided by 333?
295
Calculate the remainder when 1126 is divided by 234.
190
What is the remainder when 288308 is divided by 24?
20
Calculate the remainder when 310109 is divided by 352.
349
What is the remainder when 586 is divided by 171?
73
What is the remainder when 2863 is divided by 115?
103
Calculate the remainder when 183428 is divided by 229.
228
What is the remainder when 126406 is divided by 21066?
10
What is the remainder when 74513 is divided by 4657?
1
What is the remainder when 35305 is divided by 364?
361
Calculate the remainder when 382453 is divided by 1152.
1141
Calculate the remainder when 7053 is divided by 74.
23
What is the remainder when 233058 is divided by 10593?
12
Calculate the remainder when 145666 is divided by 37.
34
What is the remainder when 36665 is divided by 2021?
287
Calculate the remainder when 2932 is divided by 12.
4
Calculate the remainder when 1088638 is divided by 42.
40
Calculate the remainder when 131185 is divided by 11.
10
Calculate the remainder when 11598 is divided by 11556.
42
Calculate the remainder when 74254 is divided by 6.
4
Calculate the remainder when 11436 is divided by 123.
120
Calculate the remainder when 13069 is divided by 1062.
325
Calculate the remainder when 17246 is divided by 721.
663
What is the remainder when 131256 is divided by 13?
8
Calculate the remainder when 5765 is divided by 24.
5
What is the remainder when 5386 is divided by 104?
82
Calculate the remainder when 16293143 is divided by 649.
647
What is the remainder when 790429 is divided by 792?
13
What is the remainder when 1725 is divided by 521?
162
What is the remainder when 1750 is divided by 850?
50
What is the remainder when 20117 is divided by 353?
349
Calculate the remainder when 136280 is divided by 821.
815
What is the remainder when 6271 is divided by 72?
7
Calculate the remainder when 87880 is divided by 173.
169
Calculate the remainder when 2266 is divided by 142.
136
Calculate the remainder when 110381 is divided by 16.
13
Calculate the remainder when 75903 is divided by 368.
95
What is the remainder when 1798616 is divided by 186?
182
What is the remainder when 3030 is divided by 85?
55
Calculate the remainder when 6400 is divided by 1599.
4
What is the remainder when 2104 is divided by 41?
13
What is the remainder when 4344 is divided by 161?
158
Calculate the remainder when 422 is divided by 96.
38
What is the remainder when 342 is divided by 271?
71
Calculate the remainder when 9203 is divided by 541.
6
Calculate the remainder when 726 is divided by 108.
78
Calculate the remainder when 414424 is divided by 138130.
34
Calculate the remainder when 8791 is divided by 172.
19
Calculate the remainder when 29531 is divided by 5.
1